{"id":2,"date":"2023-03-25T08:29:01","date_gmt":"2023-03-25T08:29:01","guid":{"rendered":"http:\/\/romedinf.srimed.ro\/2024\/?page_id=2"},"modified":"2024-05-13T08:28:53","modified_gmt":"2024-05-13T08:28:53","slug":"sample-page","status":"publish","type":"page","link":"https:\/\/romedinf.srimed.ro\/2024\/","title":{"rendered":"Home Page"},"content":{"rendered":"\n\t<div id=\"text-2977242913\" class=\"text\">\n\t\t\n\n<h2 style=\"text-align: center;\"><span class=\"C9DxTc \">1st<\/span><span class=\"C9DxTc \"> JRoMedINF Conference<\/span><\/h2>\n<h2 class=\"thin-font\" style=\"text-align: center;\"><strong>13 &#8211; 14 May 2024<\/strong><\/h2>\n\t\t\n<style>\n#text-2977242913 {\n  text-align: center;\n  color: #2a364b;\n}\n#text-2977242913 > * {\n  color: #2a364b;\n}\n<\/style>\n\t<\/div>\n\t\n\t<div id=\"gap-230587914\" class=\"gap-element clearfix\" style=\"display:block; height:auto;\">\n\t\t\n<style>\n#gap-230587914 {\n  padding-top: 30px;\n}\n<\/style>\n\t<\/div>\n\t\n\n\t<div id=\"text-3631776637\" class=\"text\">\n\t\t\n\n<h1 class=\"zfr3Q CDt4Ke \" dir=\"ltr\" style=\"text-align: center;\" data-animate-delay=\"200\" data-opacity=\"0.8\"><strong><span class=\"Rn3Z1b C9DxTc \">Healthcare Digital Ecosystems: <\/span><\/strong><strong><span class=\"Rn3Z1b C9DxTc \">Hypotheses, Methods and Applications<\/span><span class=\"Rn3Z1b C9DxTc \">\u00a0<\/span><\/strong><\/h1>\n<p><!--more--><\/p>\n<h2 class=\"thin-font\" style=\"text-align: center;\"><strong>HYBRID: Timi\u0219oara (Romania) &amp; Online <\/strong><\/h2>\n\t\t\n<style>\n#text-3631776637 {\n  text-align: center;\n  color: #2a364b;\n}\n#text-3631776637 > * {\n  color: #2a364b;\n}\n<\/style>\n\t<\/div>\n\t\n\t<div id=\"gap-812677676\" class=\"gap-element clearfix\" style=\"display:block; height:auto;\">\n\t\t\n<style>\n#gap-812677676 {\n  padding-top: 30px;\n}\n<\/style>\n\t<\/div>\n\t\n\n<div class=\"slider-wrapper relative\" id=\"slider-775646629\" >\n    <div class=\"slider slider-nav-circle slider-nav-large slider-nav-light slider-style-normal\"\n        data-flickity-options='{\n            \"cellAlign\": \"center\",\n            \"imagesLoaded\": true,\n            \"lazyLoad\": 1,\n            \"freeScroll\": false,\n            \"wrapAround\": true,\n            \"autoPlay\": 6000,\n            \"pauseAutoPlayOnHover\" : true,\n            \"prevNextButtons\": true,\n            \"contain\" : true,\n            \"adaptiveHeight\" : true,\n            \"dragThreshold\" : 10,\n            \"percentPosition\": true,\n            \"pageDots\": true,\n            \"rightToLeft\": false,\n            \"draggable\": true,\n            \"selectedAttraction\": 0.1,\n            \"parallax\" : 0,\n            \"friction\": 0.6        }'\n        >\n        \n\n\n  <div class=\"banner has-hover\" id=\"banner-846282626\">\n          <div class=\"banner-inner fill\">\n        <div class=\"banner-bg fill\" >\n            <div class=\"bg fill bg-fill \"><\/div>\n                        <div class=\"overlay\"><\/div>            \n                    <\/div>\n\t\t\n        <div class=\"banner-layers container\">\n            <div class=\"fill banner-link\"><\/div>            \n\n   <div id=\"text-box-483566354\" class=\"text-box banner-layer x90 md-x90 lg-x90 y50 md-y50 lg-y50 res-text\">\n                                <div class=\"text-box-content text dark\">\n              \n              <div class=\"text-inner text-center\">\n                  \n\n\t<div id=\"text-3198049140\" class=\"text\">\n\t\t\n\n\n\t\t\n<style>\n#text-3198049140 {\n  color: rgb(10, 20, 82);\n}\n#text-3198049140 > * {\n  color: rgb(10, 20, 82);\n}\n<\/style>\n\t<\/div>\n\t\n\t<div id=\"text-186258961\" class=\"text\">\n\t\t\n\n<h3>Abstract submission and registration is open<\/h3>\n<p class=\"uppercase\">secure your spot as an online &amp; ONSITE participant!<\/p>\n\t\t\n<style>\n#text-186258961 {\n  color: rgb(255,255,255);\n}\n#text-186258961 > * {\n  color: rgb(255,255,255);\n}\n<\/style>\n\t<\/div>\n\t\n<a href=\"#\" class=\"button white is-outline\"  >\n    <span>Registration is closed!<\/span>\n  <\/a>\n\n\n\n              <\/div>\n           <\/div>\n                            \n<style>\n#text-box-483566354 {\n  width: 60%;\n}\n#text-box-483566354 .text-box-content {\n  font-size: 100%;\n}\n@media (min-width:550px) {\n  #text-box-483566354 {\n    width: 40%;\n  }\n}\n<\/style>\n    <\/div>\n \n\n        <\/div>\n      <\/div>\n\n            \n<style>\n#banner-846282626 {\n  padding-top: 500px;\n}\n#banner-846282626 .bg.bg-loaded {\n  background-image: url(https:\/\/romedinf.srimed.ro\/2024\/wp-content\/uploads\/2024\/04\/Cover4-800x800.jpeg);\n}\n#banner-846282626 .overlay {\n  background-color: rgba(0, 0, 0, 0.31);\n}\n<\/style>\n  <\/div>\n\n\n\n  <div class=\"banner has-hover\" id=\"banner-741019432\">\n          <div class=\"banner-inner fill\">\n        <div class=\"banner-bg fill\" >\n            <div class=\"bg fill bg-fill \"><\/div>\n                        <div class=\"overlay\"><\/div>            \n                    <\/div>\n\t\t\n        <div class=\"banner-layers container\">\n            <div class=\"fill banner-link\"><\/div>            \n\n   <div id=\"text-box-1047182149\" class=\"text-box banner-layer text-box-circle x90 md-x90 lg-x90 y50 md-y50 lg-y50 res-text\">\n                                <div class=\"text-box-content text box-shadow-3 dark\">\n              \n              <div class=\"text-inner text-center\">\n                  \n\n<h2 class=\"uppercase\"><strong>Special awards<br \/><\/strong><\/h2>\n<h3>Abstract<\/h3>\n<p>The most outstanding contributions will be selected by the <strong>jRoMedINF 2024<\/strong> Scientific Committee based on the overall referees\u2019 score.<\/p>\n<a href=\"https:\/\/romedinf.srimed.ro\/2024\/awards\/\" class=\"button white is-outline\"  >\n    <span>See more<\/span>\n  <\/a>\n\n\n\n              <\/div>\n           <\/div>\n                            \n<style>\n#text-box-1047182149 .text-box-content {\n  background-color: rgb(42, 54, 75);\n  font-size: 100%;\n}\n#text-box-1047182149 .text-inner {\n  padding: 30px 30px 30px 30px;\n}\n#text-box-1047182149 {\n  width: 60%;\n}\n@media (min-width:550px) {\n  #text-box-1047182149 {\n    width: 40%;\n  }\n}\n<\/style>\n    <\/div>\n \n\n        <\/div>\n      <\/div>\n\n            \n<style>\n#banner-741019432 {\n  padding-top: 500px;\n}\n#banner-741019432 .bg.bg-loaded {\n  background-image: url(https:\/\/romedinf.srimed.ro\/2024\/wp-content\/uploads\/2024\/04\/HealthCareFlames-800x800.jpg);\n}\n#banner-741019432 .overlay {\n  background-color: rgba(0, 0, 0, 0.2);\n}\n<\/style>\n  <\/div>\n\n\n\n     <\/div>\n\n     <div class=\"loading-spin dark large centered\"><\/div>\n\n\t<\/div>\n\n\n<div class=\"is-divider divider clearfix\" style=\"max-width:1060px;\"><\/div>\n\n\t<div id=\"text-693013620\" class=\"text\">\n\t\t\n\n<p style=\"text-align: left;\">On behalf of the Organizing Committee, we warmly invite you to participate in the 1st junior RoMedINF conference.<\/p>\n<p style=\"text-align: left;\">We wholeheartedly encourage your active or passive participation as an onsite or online attendee. The jRoMedINF conference offers you a unique opportunity to immerse yourself in meaningful discussions and stay abreast of cutting-edge developments in the realms of digital healthcare and medical informatics.<\/p>\n<h4 style=\"text-align: left;\">The registration is closed, can be done only onsite! See you next year!<\/h4>\n\t\t\n<style>\n#text-693013620 {\n  color: #2a364b;\n}\n#text-693013620 > * {\n  color: #2a364b;\n}\n<\/style>\n\t<\/div>\n\t\n<div class=\"mYVXT\">\n<div class=\"LS81yb VICjCf j5pSsc db35Fc\" tabindex=\"-1\">\n<div class=\"hJDwNd-AhqUyc-uQSCkd Ft7HRd-AhqUyc-uQSCkd purZT-AhqUyc-II5mzb ZcASvf-AhqUyc-II5mzb pSzOP-AhqUyc-qWD73c Ktthjf-AhqUyc-qWD73c JNdkSc SQVYQc\">\n<div class=\"JNdkSc-SmKAyb LkDMRd\">\n<div class=\"\">\n<div class=\"oKdM2c ZZyype Kzv0Me\">\n<div id=\"h.5cce2eabaf08d91e_47\" class=\"hJDwNd-AhqUyc-uQSCkd Ft7HRd-AhqUyc-uQSCkd jXK9ad D2fZ2 zu5uec OjCsFc dmUFtb wHaque g5GTcb\">\n<div class=\"jXK9ad-SmKAyb\">\n<div class=\"tyJCtd mGzaTb Depvyb baZpAe\">\n<p class=\"zfr3Q CDt4Ke \" dir=\"ltr\" style=\"text-align: left;\"><strong><span class=\"C9DxTc \">Welcome message<\/span><\/strong><\/p>\n<p>The Romanian Society of Medical Informatics (SRIM \u2013 <a class=\"XqQF9c\" href=\"http:\/\/www.srimed.ro\/\" target=\"_blank\" rel=\"noopener\"><span class=\"C9DxTc aw5Odc \">Societatea Rom\u00e2n\u0103 de Informatic\u0103 Medical\u0103<\/span><\/a>) and <span class=\"C9DxTc \"><a href=\"https:\/\/www.uvt.ro\/en\/\">West University of Timi\u0219oara<\/a><\/span> welcome you to the 1st jRoMedINF Conference.<\/p>\n<p>The goal of jRoMedINF 2024 is to provide young researchers with a safe environment to openly discuss ideas, hypotheses, and solutions dedicated to healthcare and healthy behavior, and to present personal research achievements or ongoing research.<\/p>\n<p><strong>Are you passionate about healthcare, digital care, and technology?<\/strong><\/p>\n<p>Join us at the jRoMedINF conference! Explore the future of medicine, share your ideas, and network with like-minded peers. Don\u2019t miss this chance to shape the future of healthcare. Register now and be a part of the revolution!<\/p>\n<\/div>\n<\/div>\n<\/div>\n<\/div>\n<\/div>\n<\/div>\n<\/div>\n<\/div>\n<\/div>\n<div class=\"is-divider divider clearfix\" style=\"max-width:1060px;\"><\/div>\n\n\t<div id=\"text-858086993\" class=\"text\">\n\t\t\n\n<h2 style=\"text-align: center;\">Time till the event<\/h2>\n\t\t\n<style>\n#text-858086993 {\n  color: #2a364b;\n}\n#text-858086993 > * {\n  color: #2a364b;\n}\n<\/style>\n\t<\/div>\n\t\n<div id=\"timer-509626539\" class=\"ux-timer dark\" data-text-plural=\"s\" data-text-hour=\"hour\" data-text-day=\"day\" data-text-week=\"week\" data-text-min=\"min\" data-text-sec=\"sec\" data-text-hour-p=\"\" data-text-day-p=\"\" data-text-week-p=\"\" data-text-min-p=\"\" data-text-sec-p=\"\" data-countdown=\"2024\/05\/13 12:00\"><span>&nbsp;<div class=\"loading-spin dark centered\"><\/div><strong>&nbsp;<\/strong><\/span><\/div>\n<style>\n#timer-509626539 {\n  font-size: 300%;\n}\n#timer-509626539 span {\n  background-color: #2a364b;\n}\n<\/style>\n\n\n<div class=\"is-divider divider clearfix\" style=\"max-width:1024px;\"><\/div>\n\n<h2 style=\"text-align: center;\">Invited Speakers<\/h2>\n<div class=\"row\"  id=\"row-1383533737\">\n\n\n\t<div id=\"col-981368153\" class=\"col medium-4 small-12 large-4\"  >\n\t\t\t\t<div class=\"col-inner\"  >\n\t\t\t\n\t\t\t\n\n    <div class=\"box has-hover has-hover box-text-bottom\" >\n\n                  <div class=\"box-image \" style=\"width:80%;\">\n           <div class=\"box-image-inner image-cover\" style=\"border-radius:100%;padding-top:100%;\">\n              <img loading=\"lazy\" decoding=\"async\" width=\"1620\" height=\"1832\" src=\"https:\/\/romedinf.srimed.ro\/2024\/wp-content\/uploads\/2024\/04\/Flaviana-1.jpg\" class=\"attachment- size-\" alt=\"\" srcset=\"https:\/\/romedinf.srimed.ro\/2024\/wp-content\/uploads\/2024\/04\/Flaviana-1.jpg 1620w, https:\/\/romedinf.srimed.ro\/2024\/wp-content\/uploads\/2024\/04\/Flaviana-1-354x400.jpg 354w, https:\/\/romedinf.srimed.ro\/2024\/wp-content\/uploads\/2024\/04\/Flaviana-1-707x800.jpg 707w, https:\/\/romedinf.srimed.ro\/2024\/wp-content\/uploads\/2024\/04\/Flaviana-1-768x869.jpg 768w, https:\/\/romedinf.srimed.ro\/2024\/wp-content\/uploads\/2024\/04\/Flaviana-1-1358x1536.jpg 1358w, https:\/\/romedinf.srimed.ro\/2024\/wp-content\/uploads\/2024\/04\/Flaviana-1-600x679.jpg 600w\" sizes=\"auto, (max-width: 1620px) 100vw, 1620px\" \/>                         <\/div>\n          <\/div>\n         \n          <div class=\"box-text text-center\" >\n                <div class=\"box-text-inner\">\n                  <h4 class=\"uppercase\">\n                    <span class=\"person-name\">Flaviana Rotaru<\/span><br\/>\n                    <span class=\"person-title is-small thin-font op-7\">\n                      President of the RoHealth \u2013 The Health and Bioeconomy Cluster and a  MEDTECH entrepreneur                    <\/span>\n                  <\/h4>\n\t\t\t\t\t\n\n<a href=\"https:\/\/romedinf.srimed.ro\/2024\/speakers\/\" class=\"button primary is-outline\"  style=\"border-radius:10px;\">\n    <span>Read More<\/span>\n  <\/a>\n\n\n\n                <\/div>\n          <\/div>\n    <\/div>\n\n\t\n    \n\n\t\t<\/div>\n\t\t\t\t\t<\/div>\n\n\t\n\n\t<div id=\"col-763858073\" class=\"col medium-4 small-12 large-4\"  >\n\t\t\t\t<div class=\"col-inner\"  >\n\t\t\t\n\t\t\t\n\n    <div class=\"box has-hover has-hover box-text-bottom\" >\n\n                  <div class=\"box-image \" style=\"width:80%;\">\n           <div class=\"box-image-inner image-cover\" style=\"border-radius:100%;padding-top:100%;\">\n              <img loading=\"lazy\" decoding=\"async\" width=\"1669\" height=\"1824\" src=\"https:\/\/romedinf.srimed.ro\/2024\/wp-content\/uploads\/2024\/05\/Vandemeulebroucke.jpg\" class=\"attachment- size-\" alt=\"\" srcset=\"https:\/\/romedinf.srimed.ro\/2024\/wp-content\/uploads\/2024\/05\/Vandemeulebroucke.jpg 1669w, https:\/\/romedinf.srimed.ro\/2024\/wp-content\/uploads\/2024\/05\/Vandemeulebroucke-366x400.jpg 366w, https:\/\/romedinf.srimed.ro\/2024\/wp-content\/uploads\/2024\/05\/Vandemeulebroucke-732x800.jpg 732w, https:\/\/romedinf.srimed.ro\/2024\/wp-content\/uploads\/2024\/05\/Vandemeulebroucke-768x839.jpg 768w, https:\/\/romedinf.srimed.ro\/2024\/wp-content\/uploads\/2024\/05\/Vandemeulebroucke-1405x1536.jpg 1405w, https:\/\/romedinf.srimed.ro\/2024\/wp-content\/uploads\/2024\/05\/Vandemeulebroucke-600x656.jpg 600w\" sizes=\"auto, (max-width: 1669px) 100vw, 1669px\" \/>                         <\/div>\n          <\/div>\n         \n          <div class=\"box-text text-center\" >\n                <div class=\"box-text-inner\">\n                  <h4 class=\"uppercase\">\n                    <span class=\"person-name\">Tijs Vandemeulebroucke<\/span><br\/>\n                    <span class=\"person-title is-small thin-font op-7\">\n                      Researcher PhD at University of Bonn, Germany                    <\/span>\n                  <\/h4>\n\t\t\t\t\t\n\n<a href=\"https:\/\/romedinf.srimed.ro\/2024\/speakers\/\" class=\"button primary is-outline\"  style=\"border-radius:10px;\">\n    <span>Read more<\/span>\n  <\/a>\n\n\n\n                <\/div>\n          <\/div>\n    <\/div>\n\n\t\n    \n\n\t\t<\/div>\n\t\t\t\t\t<\/div>\n\n\t\n\n\t<div id=\"col-2032060710\" class=\"col medium-4 small-12 large-4\"  >\n\t\t\t\t<div class=\"col-inner\"  >\n\t\t\t\n\t\t\t\n\n    <div class=\"box has-hover has-hover box-text-bottom\" >\n\n                  <div class=\"box-image \" style=\"width:80%;\">\n           <div class=\"box-image-inner image-cover\" style=\"border-radius:100%;padding-top:100%;\">\n              <img loading=\"lazy\" decoding=\"async\" width=\"1473\" height=\"1600\" src=\"https:\/\/romedinf.srimed.ro\/2024\/wp-content\/uploads\/2024\/04\/WhatsApp-Image-2024-04-12-at-09.43.44.jpeg\" class=\"attachment- size-\" alt=\"\" srcset=\"https:\/\/romedinf.srimed.ro\/2024\/wp-content\/uploads\/2024\/04\/WhatsApp-Image-2024-04-12-at-09.43.44.jpeg 1473w, https:\/\/romedinf.srimed.ro\/2024\/wp-content\/uploads\/2024\/04\/WhatsApp-Image-2024-04-12-at-09.43.44-368x400.jpeg 368w, https:\/\/romedinf.srimed.ro\/2024\/wp-content\/uploads\/2024\/04\/WhatsApp-Image-2024-04-12-at-09.43.44-737x800.jpeg 737w, https:\/\/romedinf.srimed.ro\/2024\/wp-content\/uploads\/2024\/04\/WhatsApp-Image-2024-04-12-at-09.43.44-768x834.jpeg 768w, https:\/\/romedinf.srimed.ro\/2024\/wp-content\/uploads\/2024\/04\/WhatsApp-Image-2024-04-12-at-09.43.44-1414x1536.jpeg 1414w, https:\/\/romedinf.srimed.ro\/2024\/wp-content\/uploads\/2024\/04\/WhatsApp-Image-2024-04-12-at-09.43.44-600x652.jpeg 600w\" sizes=\"auto, (max-width: 1473px) 100vw, 1473px\" \/>                         <\/div>\n          <\/div>\n         \n          <div class=\"box-text text-center\" >\n                <div class=\"box-text-inner\">\n                  <h4 class=\"uppercase\">\n                    <span class=\"person-name\">Andreea-Zenovia Popescu<\/span><br\/>\n                    <span class=\"person-title is-small thin-font op-7\">\n                      Sr. Product UX Manager at Analog Devices UX & Healthcare Mentor at EiT Health                    <\/span>\n                  <\/h4>\n\t\t\t\t\t\n\n<a href=\"https:\/\/romedinf.srimed.ro\/2024\/speakers\/\" class=\"button primary is-outline\"  style=\"border-radius:10px;\">\n    <span>Read more<\/span>\n  <\/a>\n\n\n\n                <\/div>\n          <\/div>\n    <\/div>\n\n\t\n    \n\n\t\t<\/div>\n\t\t\t\t\t<\/div>\n\n\t\n\n<\/div>\n\n","protected":false},"excerpt":{"rendered":"","protected":false},"author":5,"featured_media":73,"parent":0,"menu_order":0,"comment_status":"closed","ping_status":"open","template":"","meta":{"footnotes":""},"class_list":["post-2","page","type-page","status-publish","has-post-thumbnail","hentry"],"_links":{"self":[{"href":"https:\/\/romedinf.srimed.ro\/2024\/wp-json\/wp\/v2\/pages\/2","targetHints":{"allow":["GET"]}}],"collection":[{"href":"https:\/\/romedinf.srimed.ro\/2024\/wp-json\/wp\/v2\/pages"}],"about":[{"href":"https:\/\/romedinf.srimed.ro\/2024\/wp-json\/wp\/v2\/types\/page"}],"author":[{"embeddable":true,"href":"https:\/\/romedinf.srimed.ro\/2024\/wp-json\/wp\/v2\/users\/5"}],"replies":[{"embeddable":true,"href":"https:\/\/romedinf.srimed.ro\/2024\/wp-json\/wp\/v2\/comments?post=2"}],"version-history":[{"count":91,"href":"https:\/\/romedinf.srimed.ro\/2024\/wp-json\/wp\/v2\/pages\/2\/revisions"}],"predecessor-version":[{"id":1376,"href":"https:\/\/romedinf.srimed.ro\/2024\/wp-json\/wp\/v2\/pages\/2\/revisions\/1376"}],"wp:featuredmedia":[{"embeddable":true,"href":"https:\/\/romedinf.srimed.ro\/2024\/wp-json\/wp\/v2\/media\/73"}],"wp:attachment":[{"href":"https:\/\/romedinf.srimed.ro\/2024\/wp-json\/wp\/v2\/media?parent=2"}],"curies":[{"name":"wp","href":"https:\/\/api.w.org\/{rel}","templated":true}]}}